{"id":57582,"date":"2021-03-12T11:40:39","date_gmt":"2021-03-12T10:40:39","guid":{"rendered":"https:\/\/www.eureausources.com\/particuliers\/?page_id=57582"},"modified":"2021-03-22T13:20:45","modified_gmt":"2021-03-22T12:20:45","slug":"environnement","status":"publish","type":"page","link":"https:\/\/www.eureausources.com\/particuliers\/environnement\/","title":{"rendered":"Environnement"},"content":{"rendered":"<div class=\"wpb-content-wrapper\"><p>[vc_section][vc_row][vc_column width=\u00a0\u00bb1\/4&Prime;][vc_wp_custommenu title=\u00a0\u00bbTh\u00e9matiques\u00a0\u00bb nav_menu=\u00a0\u00bb185&Prime;][\/vc_column][vc_column width=\u00a0\u00bb3\/4&Prime;][vc_row_inner css=\u00a0\u00bb.vc_custom_1615304625263{padding-bottom: 30px !important;}\u00a0\u00bb][vc_column_inner][vc_column_text css=\u00a0\u00bb.vc_custom_1615552603794{padding-bottom: 10px !important;}\u00a0\u00bb]<\/p>\n<h3>En quelle mati\u00e8re sont les bonbonnes ?<\/h3>\n<p>[\/vc_column_text][vc_column_text]Les bonbonnes eureau Sources pour les particuliers sont en PET que ce soit en format 18,9 litres ou en format 10 litres. Le PET est la m\u00eame mati\u00e8re que celle des bouteilles d\u2019eau jetables et des sodas. C\u2019est une mati\u00e8re parfaitement saine et sans danger pour la sant\u00e9 et l\u2019environnement \u00e0 condition de ne pas se d\u00e9barrasser des emballages dans la nature.[\/vc_column_text][\/vc_column_inner][\/vc_row_inner][vc_separator color=\u00a0\u00bbcustom\u00a0\u00bb accent_color=\u00a0\u00bb#a5c5ed\u00a0\u00bb css=\u00a0\u00bb.vc_custom_1616415613520{padding-bottom: 30px !important;}\u00a0\u00bb][vc_row_inner css=\u00a0\u00bb.vc_custom_1615304625263{padding-bottom: 30px !important;}\u00a0\u00bb][vc_column_inner][vc_column_text css=\u00a0\u00bb.vc_custom_1615552653922{padding-bottom: 10px !important;}\u00a0\u00bb]<\/p>\n<h3>Les bonbonnes sont-elles vraiment recyclables en fin de vie ?<\/h3>\n<p>[\/vc_column_text][vc_column_text]Le PET se recycle parfaitement. Toutes les bonbonnes que vous retournerez chez votre distributeur seront rapport\u00e9es chez eureau Sources. M\u00eame si elles sont en mauvais \u00e9tat, eureau Sources s\u2019engage \u00e0 recycler le PET de toutes les bonbonnes qui ne sont plus utilisables au travers d\u2019une fili\u00e8re de recyclage qualifi\u00e9e qui existe en France.[\/vc_column_text][\/vc_column_inner][\/vc_row_inner][vc_separator color=\u00a0\u00bbcustom\u00a0\u00bb accent_color=\u00a0\u00bb#a5c5ed\u00a0\u00bb css=\u00a0\u00bb.vc_custom_1616415618923{padding-bottom: 30px !important;}\u00a0\u00bb][vc_row_inner css=\u00a0\u00bb.vc_custom_1615304625263{padding-bottom: 30px !important;}\u00a0\u00bb][vc_column_inner][vc_column_text css=\u00a0\u00bb.vc_custom_1615552686280{padding-bottom: 10px !important;}\u00a0\u00bb]<\/p>\n<h3>Les fontaines consomment elles beaucoup d\u2019\u00e9lectricit\u00e9 ?<\/h3>\n<p>[\/vc_column_text][vc_column_text]Les pompes consomment environ 0,5 KWh \/an (&lt; 0,2 \u20ac\/an) pour 3 L d\u2019eau fraiche par jour, soit l\u2019\u00e9quivalent de 6 \u00e0 10 recharges de t\u00e9l\u00e9phone portable. C\u2019est tr\u00e8s faible.<br \/>\nLes fontaines sur pieds consomment environ 80 KWh \/ an (soit 12 \u20ac) pour 3 L d\u2019eau fraiche par jour, soit l\u2019\u00e9quivalent de 40 h de chauffage \u00e9lectrique avec 1 radiateur de 2 KW. C\u2019est faible.<br \/>\nLes fontaines de comptoir consomment environ 80 KWh \/ an (soit 12 \u20ac) pour 3 L d\u2019eau fraiche par jour, et consomment plus pour d\u00e9livrer de l\u2019eau chaude. La consommation r\u00e9elle r\u00e9sultera du nombre d\u2019heures d\u2019utilisation de cette fonction dont la puissance est de 500 W. La consommation est comparable \u00e0 celle d\u2019une bouilloire \u00e9lectrique.[\/vc_column_text][\/vc_column_inner][\/vc_row_inner][vc_separator color=\u00a0\u00bbcustom\u00a0\u00bb accent_color=\u00a0\u00bb#a5c5ed\u00a0\u00bb css=\u00a0\u00bb.vc_custom_1616415625142{padding-bottom: 30px !important;}\u00a0\u00bb][vc_row_inner css=\u00a0\u00bb.vc_custom_1615304625263{padding-bottom: 30px !important;}\u00a0\u00bb][vc_column_inner][vc_column_text css=\u00a0\u00bb.vc_custom_1615545503803{padding-bottom: 10px !important;}\u00a0\u00bb]<\/p>\n<h3>Quel est l\u2019impact \u00e9cologique des fontaines ?<\/h3>\n<p>[\/vc_column_text][vc_column_text]L\u2019impact \u00e9cologique des fontaines n\u2019est \u00e9videmment pas nul. Il est diff\u00e9rent selon les 3 mod\u00e8les propos\u00e9s par eureau Sources. L\u2019impact des petites pompes est tr\u00e8s faible car elles sont l\u00e9g\u00e8res (210 g) et ne r\u00e9frig\u00e8rent pas l\u2019eau. L\u2019impact des fontaines r\u00e9frig\u00e9rantes est plus important. Les trois mod\u00e8les de fontaines sont recyclables.[\/vc_column_text][\/vc_column_inner][\/vc_row_inner][vc_separator color=\u00a0\u00bbcustom\u00a0\u00bb accent_color=\u00a0\u00bb#a5c5ed\u00a0\u00bb][vc_row_inner css=\u00a0\u00bb.vc_custom_1615304422577{padding-top: 30px !important;padding-bottom: 30px !important;}\u00a0\u00bb][vc_column_inner][vc_column_text css=\u00a0\u00bb.vc_custom_1615820469194{padding-bottom: 10px !important;}\u00a0\u00bb]<\/p>\n<h3>Les Allers et retours de la consigne ne consomment ils pas plus de ressources que ce qu\u2019ils \u00e9conomisent ?<\/h3>\n<p>[\/vc_column_text][vc_column_text]Non : Une \u00e9tude environnementale a \u00e9t\u00e9 r\u00e9alis\u00e9e par eureau Sources avec un cabinet sp\u00e9cialis\u00e9. M\u00eame en prenant en compte les aller \/ retour des bonbonnes, utiliser des emballages consign\u00e9s et r\u00e9employ\u00e9s g\u00e9n\u00e8re 8 fois moins de gaz \u00e0 effet de serre et consomme 14 fois moins de ressources naturelles que des bouteilles jetables \u00e0 usage unique, m\u00eame si elles sont recycl\u00e9es apr\u00e8s utilisation.[\/vc_column_text][\/vc_column_inner][\/vc_row_inner][vc_separator color=\u00a0\u00bbcustom\u00a0\u00bb accent_color=\u00a0\u00bb#a5c5ed\u00a0\u00bb][vc_row_inner css=\u00a0\u00bb.vc_custom_1615304429268{padding-top: 30px !important;padding-bottom: 30px !important;}\u00a0\u00bb][vc_column_inner][vc_column_text css=\u00a0\u00bb.vc_custom_1615545546942{padding-bottom: 10px !important;}\u00a0\u00bb]<\/p>\n<h3>Finalement, une bonbonne consign\u00e9e \u00e7a permet d\u2019\u00e9conomiser quoi ?<\/h3>\n<p>[\/vc_column_text][vc_column_text]Une bonbonne de 18,9 litres r\u00e9utilis\u00e9e 7 ans permet de remplacer 504 bouteilles \u00e0 usage unique. Une bonbonne de 10 litres r\u00e9utilis\u00e9e 7 ans permet de remplacer 267 bouteilles \u00e0 usage unique. Dans les deux cas, en fin de vie, le recyclage de la bonbonne est garanti par eureau Sources.[\/vc_column_text][\/vc_column_inner][\/vc_row_inner][vc_separator color=\u00a0\u00bbcustom\u00a0\u00bb accent_color=\u00a0\u00bb#a5c5ed\u00a0\u00bb][vc_row_inner css=\u00a0\u00bb.vc_custom_1615304440186{padding-top: 30px !important;padding-bottom: 30px !important;}\u00a0\u00bb][vc_column_inner][vc_column_text css=\u00a0\u00bb.vc_custom_1615545606114{padding-bottom: 10px !important;}\u00a0\u00bb]<\/p>\n<h3>Pourquoi utiliser des emballages consign\u00e9s quand il existe d\u00e9j\u00e0 des solutions de recyclage du plastique ?<\/h3>\n<p>[\/vc_column_text][vc_column_text]Savez-vous que la loi sur l\u2019\u00e9conomie circulaire vot\u00e9e en f\u00e9vrier 2020 a fix\u00e9 un objectif de 0 plastique \u00e0 usage unique d\u2019ici 2040 ? Pourquoi attendre 20 ans avant de s\u2019y mettre ? Le r\u00e9emploi \u00e9conomise des ressources et rejette 8 fois moins de gaz \u00e0 effet de serre. Et puis le r\u00e9emploi des emballages fait vivre l\u2019\u00e9conomie locale en cr\u00e9ant des emplois de proximit\u00e9 dans un rayon de 100 km : distributeurs, livreurs, sources.[\/vc_column_text][\/vc_column_inner][\/vc_row_inner][\/vc_column][\/vc_row][\/vc_section][vc_section disable_element=\u00a0\u00bbyes\u00a0\u00bb css=\u00a0\u00bb.vc_custom_1615903258560{margin-top: 60px !important;margin-bottom: 30px !important;}\u00a0\u00bb][vc_row equal_height=\u00a0\u00bbyes\u00a0\u00bb content_placement=\u00a0\u00bbmiddle\u00a0\u00bb type=\u00a0\u00bbvc_default\u00a0\u00bb full_width_padding_left=\u00a0\u00bb40&Prime; full_width_padding_right=\u00a0\u00bb40&Prime; full_width_margin_top=\u00a0\u00bb0&Prime; full_width_margin_bottom=\u00a0\u00bb0&Prime;][vc_column width=\u00a0\u00bb1\/2&Prime; css=\u00a0\u00bb.vc_custom_1615273797516{padding-top: 50px !important;padding-right: 0px !important;padding-bottom: 50px !important;padding-left: 0px !important;background-color: #06038d !important;}\u00a0\u00bb el_class=\u00a0\u00bbbkg-deep-blue\u00a0\u00bb][vc_column_text]<\/p>\n<h2 style=\"text-align: center;\">Vous \u00eates commer\u00e7ant<br \/>\net vous souhaitez<br \/>\nnous distribuer ?<\/h2>\n<p>[\/vc_column_text][vc_btn title=\u00a0\u00bbContactez-nous !\u00a0\u00bb size=\u00a0\u00bblg\u00a0\u00bb align=\u00a0\u00bbcenter\u00a0\u00bb css=\u00a0\u00bb.vc_custom_1615274425545{margin-top: 30px !important;}\u00a0\u00bb el_class=\u00a0\u00bbbouton-blanc\u00a0\u00bb link=\u00a0\u00bburl:https%3A%2F%2Fwww.eureausources.com%2Findex.php%2Fcontact|title:Vous%20%C3%AAtes%20commer%C3%A7ant%20et%20vous%20souhaitez%20nous%20distribuer%20%3F\u00a0\u00bb][\/vc_column][vc_column width=\u00a0\u00bb1\/2&Prime; css=\u00a0\u00bb.vc_custom_1615273768865{padding-right: 0px !important;padding-left: 0px !important;}\u00a0\u00bb][vc_single_image image=\u00a0\u00bb57563&Prime; img_size=\u00a0\u00bbfull\u00a0\u00bb alignment=\u00a0\u00bbcenter\u00a0\u00bb][\/vc_column][\/vc_row][\/vc_section][vc_section css=\u00a0\u00bb.vc_custom_1615274928674{margin-top: 60px !important;margin-bottom: 30px !important;}\u00a0\u00bb][vc_row equal_height=\u00a0\u00bbyes\u00a0\u00bb content_placement=\u00a0\u00bbmiddle\u00a0\u00bb bg_type=\u00a0\u00bbimage\u00a0\u00bb parallax_style=\u00a0\u00bbvcpb-default\u00a0\u00bb bg_image_new=\u00a0\u00bbid^57562|url^https:\/\/www.eureausources.com\/particuliers\/wp-content\/uploads\/2021\/03\/img-point-de-vente@2x.png|caption^null|alt^null|title^img-point-de-vente@2x|description^null\u00a0\u00bb type=\u00a0\u00bbvc_default\u00a0\u00bb full_width_padding_left=\u00a0\u00bb40&Prime; full_width_padding_right=\u00a0\u00bb40&Prime; full_width_margin_top=\u00a0\u00bb0&Prime; full_width_margin_bottom=\u00a0\u00bb0&Prime;][vc_column css=\u00a0\u00bb.vc_custom_1615902330193{padding-top: 120px !important;padding-bottom: 120px !important;}\u00a0\u00bb el_class=\u00a0\u00bbbkg-deep-blue\u00a0\u00bb][vc_column_text]<\/p>\n<h2 style=\"text-align: center;\">Trouvez un point de vente<br \/>\n\u00e0 c\u00f4t\u00e9 de chez vous !<\/h2>\n<p>[\/vc_column_text][vc_btn title=\u00a0\u00bbTrouver mon point de vente\u00a0\u00bb color=\u00a0\u00bbprimary\u00a0\u00bb size=\u00a0\u00bblg\u00a0\u00bb align=\u00a0\u00bbcenter\u00a0\u00bb css=\u00a0\u00bb.vc_custom_1615902493669{margin-top: 30px !important;}\u00a0\u00bb el_class=\u00a0\u00bbbouton-deep-blue\u00a0\u00bb link=\u00a0\u00bburl:https%3A%2F%2Fwww.eureausources.com%2Fparticuliers%2Fou-nous-trouver%2F\u00a0\u00bb][\/vc_column][\/vc_row][\/vc_section]<\/p>\n<\/div>","protected":false},"excerpt":{"rendered":"<p>[vc_section][vc_row][vc_column width=\u00a0\u00bb1\/4&Prime;][vc_wp_custommenu title=\u00a0\u00bbTh\u00e9matiques\u00a0\u00bb nav_menu=\u00a0\u00bb185&Prime;][\/vc_column][vc_column width=\u00a0\u00bb3\/4&Prime;][vc_row_inner css=\u00a0\u00bb.vc_custom_1615304625263{padding-bottom: 30px !important;}\u00a0\u00bb][vc_column_inner][vc_column_text css=\u00a0\u00bb.vc_custom_1615552603794{padding-bottom: 10px !important;}\u00a0\u00bb] En quelle mati\u00e8re sont les bonbonnes ? [\/vc_column_text][vc_column_text]Les bonbonnes eureau Sources pour les particuliers sont en PET que ce soit en format 18,9 litres ou en format 10 litres. Le PET est la m\u00eame mati\u00e8re que celle des bouteilles d\u2019eau jetables et des sodas.&hellip;<\/p>\n","protected":false},"author":1,"featured_media":0,"parent":0,"menu_order":1,"comment_status":"closed","ping_status":"closed","template":"","meta":{"inline_featured_image":false,"footnotes":""},"class_list":["post-57582","page","type-page","status-publish","hentry","description-off"],"yoast_head":"<!-- This site is optimized with the Yoast SEO plugin v27.4 - https:\/\/yoast.com\/product\/yoast-seo-wordpress\/ -->\n<title>Environnement - Eureau Sources<\/title>\n<meta name=\"robots\" content=\"index, follow, max-snippet:-1, max-image-preview:large, max-video-preview:-1\" \/>\n<link rel=\"canonical\" href=\"https:\/\/www.eureausources.com\/particuliers\/environnement\/\" \/>\n<meta property=\"og:locale\" content=\"fr_FR\" \/>\n<meta property=\"og:type\" content=\"article\" \/>\n<meta property=\"og:title\" content=\"Environnement - Eureau Sources\" \/>\n<meta property=\"og:description\" content=\"[vc_section][vc_row][vc_column width=\u00a0\u00bb1\/4&Prime;][vc_wp_custommenu title=\u00a0\u00bbTh\u00e9matiques\u00a0\u00bb nav_menu=\u00a0\u00bb185&Prime;][\/vc_column][vc_column width=\u00a0\u00bb3\/4&Prime;][vc_row_inner css=\u00a0\u00bb.vc_custom_1615304625263{padding-bottom: 30px !important;}\u00a0\u00bb][vc_column_inner][vc_column_text css=\u00a0\u00bb.vc_custom_1615552603794{padding-bottom: 10px !important;}\u00a0\u00bb] En quelle mati\u00e8re sont les bonbonnes ? [\/vc_column_text][vc_column_text]Les bonbonnes eureau Sources pour les particuliers sont en PET que ce soit en format 18,9 litres ou en format 10 litres. Le PET est la m\u00eame mati\u00e8re que celle des bouteilles d\u2019eau jetables et des sodas.&hellip;\" \/>\n<meta property=\"og:url\" content=\"https:\/\/www.eureausources.com\/particuliers\/environnement\/\" \/>\n<meta property=\"og:site_name\" content=\"Eureau Sources\" \/>\n<meta property=\"article:publisher\" content=\"https:\/\/www.facebook.com\/pages\/category\/Local-Business\/Eureau-Sources-572744742932879\/\" \/>\n<meta property=\"article:modified_time\" content=\"2021-03-22T12:20:45+00:00\" \/>\n<meta name=\"twitter:card\" content=\"summary_large_image\" \/>\n<meta name=\"twitter:label1\" content=\"Dur\u00e9e de lecture estim\u00e9e\" \/>\n\t<meta name=\"twitter:data1\" content=\"4 minutes\" \/>\n<script type=\"application\/ld+json\" class=\"yoast-schema-graph\">{\"@context\":\"https:\\\/\\\/schema.org\",\"@graph\":[{\"@type\":\"WebPage\",\"@id\":\"https:\\\/\\\/www.eureausources.com\\\/particuliers\\\/environnement\\\/\",\"url\":\"https:\\\/\\\/www.eureausources.com\\\/particuliers\\\/environnement\\\/\",\"name\":\"Environnement - Eureau Sources\",\"isPartOf\":{\"@id\":\"https:\\\/\\\/www.eureausources.com\\\/particuliers\\\/#website\"},\"datePublished\":\"2021-03-12T10:40:39+00:00\",\"dateModified\":\"2021-03-22T12:20:45+00:00\",\"breadcrumb\":{\"@id\":\"https:\\\/\\\/www.eureausources.com\\\/particuliers\\\/environnement\\\/#breadcrumb\"},\"inLanguage\":\"fr-FR\",\"potentialAction\":[{\"@type\":\"ReadAction\",\"target\":[\"https:\\\/\\\/www.eureausources.com\\\/particuliers\\\/environnement\\\/\"]}]},{\"@type\":\"BreadcrumbList\",\"@id\":\"https:\\\/\\\/www.eureausources.com\\\/particuliers\\\/environnement\\\/#breadcrumb\",\"itemListElement\":[{\"@type\":\"ListItem\",\"position\":1,\"name\":\"Home\",\"item\":\"https:\\\/\\\/www.eureausources.com\\\/particuliers\\\/\"},{\"@type\":\"ListItem\",\"position\":2,\"name\":\"Environnement\"}]},{\"@type\":\"WebSite\",\"@id\":\"https:\\\/\\\/www.eureausources.com\\\/particuliers\\\/#website\",\"url\":\"https:\\\/\\\/www.eureausources.com\\\/particuliers\\\/\",\"name\":\"eureauSources\",\"description\":\"A la source de nos r\u00e9gions\",\"publisher\":{\"@id\":\"https:\\\/\\\/www.eureausources.com\\\/particuliers\\\/#organization\"},\"potentialAction\":[{\"@type\":\"SearchAction\",\"target\":{\"@type\":\"EntryPoint\",\"urlTemplate\":\"https:\\\/\\\/www.eureausources.com\\\/particuliers\\\/?s={search_term_string}\"},\"query-input\":{\"@type\":\"PropertyValueSpecification\",\"valueRequired\":true,\"valueName\":\"search_term_string\"}}],\"inLanguage\":\"fr-FR\"},{\"@type\":\"Organization\",\"@id\":\"https:\\\/\\\/www.eureausources.com\\\/particuliers\\\/#organization\",\"name\":\"eureauSources\",\"url\":\"https:\\\/\\\/www.eureausources.com\\\/particuliers\\\/\",\"logo\":{\"@type\":\"ImageObject\",\"inLanguage\":\"fr-FR\",\"@id\":\"https:\\\/\\\/www.eureausources.com\\\/particuliers\\\/#\\\/schema\\\/logo\\\/image\\\/\",\"url\":\"https:\\\/\\\/www.eureausources.com\\\/particuliers\\\/wp-content\\\/uploads\\\/2021\\\/03\\\/logo-eureau-sources-header@3x-e1615209373705.png\",\"contentUrl\":\"https:\\\/\\\/www.eureausources.com\\\/particuliers\\\/wp-content\\\/uploads\\\/2021\\\/03\\\/logo-eureau-sources-header@3x-e1615209373705.png\",\"width\":200,\"height\":85,\"caption\":\"eureauSources\"},\"image\":{\"@id\":\"https:\\\/\\\/www.eureausources.com\\\/particuliers\\\/#\\\/schema\\\/logo\\\/image\\\/\"},\"sameAs\":[\"https:\\\/\\\/www.facebook.com\\\/pages\\\/category\\\/Local-Business\\\/Eureau-Sources-572744742932879\\\/\"]}]}<\/script>\n<!-- \/ Yoast SEO plugin. -->","yoast_head_json":{"title":"Environnement - Eureau Sources","robots":{"index":"index","follow":"follow","max-snippet":"max-snippet:-1","max-image-preview":"max-image-preview:large","max-video-preview":"max-video-preview:-1"},"canonical":"https:\/\/www.eureausources.com\/particuliers\/environnement\/","og_locale":"fr_FR","og_type":"article","og_title":"Environnement - Eureau Sources","og_description":"[vc_section][vc_row][vc_column width=\u00a0\u00bb1\/4&Prime;][vc_wp_custommenu title=\u00a0\u00bbTh\u00e9matiques\u00a0\u00bb nav_menu=\u00a0\u00bb185&Prime;][\/vc_column][vc_column width=\u00a0\u00bb3\/4&Prime;][vc_row_inner css=\u00a0\u00bb.vc_custom_1615304625263{padding-bottom: 30px !important;}\u00a0\u00bb][vc_column_inner][vc_column_text css=\u00a0\u00bb.vc_custom_1615552603794{padding-bottom: 10px !important;}\u00a0\u00bb] En quelle mati\u00e8re sont les bonbonnes ? [\/vc_column_text][vc_column_text]Les bonbonnes eureau Sources pour les particuliers sont en PET que ce soit en format 18,9 litres ou en format 10 litres. Le PET est la m\u00eame mati\u00e8re que celle des bouteilles d\u2019eau jetables et des sodas.&hellip;","og_url":"https:\/\/www.eureausources.com\/particuliers\/environnement\/","og_site_name":"Eureau Sources","article_publisher":"https:\/\/www.facebook.com\/pages\/category\/Local-Business\/Eureau-Sources-572744742932879\/","article_modified_time":"2021-03-22T12:20:45+00:00","twitter_card":"summary_large_image","twitter_misc":{"Dur\u00e9e de lecture estim\u00e9e":"4 minutes"},"schema":{"@context":"https:\/\/schema.org","@graph":[{"@type":"WebPage","@id":"https:\/\/www.eureausources.com\/particuliers\/environnement\/","url":"https:\/\/www.eureausources.com\/particuliers\/environnement\/","name":"Environnement - Eureau Sources","isPartOf":{"@id":"https:\/\/www.eureausources.com\/particuliers\/#website"},"datePublished":"2021-03-12T10:40:39+00:00","dateModified":"2021-03-22T12:20:45+00:00","breadcrumb":{"@id":"https:\/\/www.eureausources.com\/particuliers\/environnement\/#breadcrumb"},"inLanguage":"fr-FR","potentialAction":[{"@type":"ReadAction","target":["https:\/\/www.eureausources.com\/particuliers\/environnement\/"]}]},{"@type":"BreadcrumbList","@id":"https:\/\/www.eureausources.com\/particuliers\/environnement\/#breadcrumb","itemListElement":[{"@type":"ListItem","position":1,"name":"Home","item":"https:\/\/www.eureausources.com\/particuliers\/"},{"@type":"ListItem","position":2,"name":"Environnement"}]},{"@type":"WebSite","@id":"https:\/\/www.eureausources.com\/particuliers\/#website","url":"https:\/\/www.eureausources.com\/particuliers\/","name":"eureauSources","description":"A la source de nos r\u00e9gions","publisher":{"@id":"https:\/\/www.eureausources.com\/particuliers\/#organization"},"potentialAction":[{"@type":"SearchAction","target":{"@type":"EntryPoint","urlTemplate":"https:\/\/www.eureausources.com\/particuliers\/?s={search_term_string}"},"query-input":{"@type":"PropertyValueSpecification","valueRequired":true,"valueName":"search_term_string"}}],"inLanguage":"fr-FR"},{"@type":"Organization","@id":"https:\/\/www.eureausources.com\/particuliers\/#organization","name":"eureauSources","url":"https:\/\/www.eureausources.com\/particuliers\/","logo":{"@type":"ImageObject","inLanguage":"fr-FR","@id":"https:\/\/www.eureausources.com\/particuliers\/#\/schema\/logo\/image\/","url":"https:\/\/www.eureausources.com\/particuliers\/wp-content\/uploads\/2021\/03\/logo-eureau-sources-header@3x-e1615209373705.png","contentUrl":"https:\/\/www.eureausources.com\/particuliers\/wp-content\/uploads\/2021\/03\/logo-eureau-sources-header@3x-e1615209373705.png","width":200,"height":85,"caption":"eureauSources"},"image":{"@id":"https:\/\/www.eureausources.com\/particuliers\/#\/schema\/logo\/image\/"},"sameAs":["https:\/\/www.facebook.com\/pages\/category\/Local-Business\/Eureau-Sources-572744742932879\/"]}]}},"_links":{"self":[{"href":"https:\/\/www.eureausources.com\/particuliers\/wp-json\/wp\/v2\/pages\/57582","targetHints":{"allow":["GET"]}}],"collection":[{"href":"https:\/\/www.eureausources.com\/particuliers\/wp-json\/wp\/v2\/pages"}],"about":[{"href":"https:\/\/www.eureausources.com\/particuliers\/wp-json\/wp\/v2\/types\/page"}],"author":[{"embeddable":true,"href":"https:\/\/www.eureausources.com\/particuliers\/wp-json\/wp\/v2\/users\/1"}],"replies":[{"embeddable":true,"href":"https:\/\/www.eureausources.com\/particuliers\/wp-json\/wp\/v2\/comments?post=57582"}],"version-history":[{"count":8,"href":"https:\/\/www.eureausources.com\/particuliers\/wp-json\/wp\/v2\/pages\/57582\/revisions"}],"predecessor-version":[{"id":57785,"href":"https:\/\/www.eureausources.com\/particuliers\/wp-json\/wp\/v2\/pages\/57582\/revisions\/57785"}],"wp:attachment":[{"href":"https:\/\/www.eureausources.com\/particuliers\/wp-json\/wp\/v2\/media?parent=57582"}],"curies":[{"name":"wp","href":"https:\/\/api.w.org\/{rel}","templated":true}]}}